What is 1 - -8 - (-21 + 35) - (-116 - (6 - 13))?
104
Evaluate 10 + (16 - (-39 + 102)) + 31.
-6
Calculate (-43 - -12 - 18) + (6 - (-6 + 1)).
-38
81 - (1 - (-19 - -46) - -29)
78
What is the value of (-8 - -1) + 0 - (39 - (-26 + 54))?
-18
What is ((14 - -21) + -15 - 7) + -34?
-21
(18 + -20 - 4 - 10) + -9
-25
What is (-275 - -269) + (39 - 1) - -9?
41
-4 + -13 - (-33 + 8) - 11
-3
What is the value of -2 - (-4 + 8) - (406 + -459)?
47
-1 + 28 - (16 - 27 - 9)
47
What is (-7 - (-2 - 3)) + 2 + 12 + -71 + 96?
37
121 + -137 + 129 + 0
113
What is 145 - 165 - (-7 + 3 + 0)?
-16
What is 2 - (-6 + 6 - 7 - 8 - -4)?
13
-12 + (-10 - (-1 - 29)) + -21 + -3 + 5
-11
Evaluate -33 + 8 + (-4 - -15) - (-4 - 11).
1
(-2 - 13) + -58 + 51 + -5
-27
What is (26 - (11 + 18)) + (-1 - -16) + -23?
-11
What is (64 - (4 + -19)) + -164?
-85
-55 + 48 - (14 + (-4 - -1) + -6) - -53
41
What is (196 + -117 - 67) + -96?
-84
What is the value of 2 - (37 + 10) - (-1 + 3 + -15)?
-32
Calculate -14 - (-16 + (-10 + 12 - (-3 - 4))).
-7
Calculate (7 - -2) + (-27 - (23 - 33)) + (47 - 2).
37
What is (-6 + 4 - (-26 - (-22 - -12))) + -1?
13
73 - (-20 + -2 + (-64 - -74) - (-10 + -11))
64
-15 + (-10 - (-7 + 32 + (-1 - 14)))
-35
What is 638 + -298 + -358 - (42 + 0 + 0)?
-60
What is -17 + 0 + 6 - (-1 + -7 - 2)?
-1
-1 - (-95 + 51 - -28)
15
What is the value of 43 + (-6 - -2) + (-11 - -14) + -5 + 12?
49
Calculate 50 - (-50 + 110) - (39 + 6).
-55
What is -28 + (16 - 23) + (37 - 14)?
-12
-42 - ((-3 + -8 - -5) + (-11 + 6 - -11))
-42
Evaluate 126 + (12 - 11) + (1 - -20) + -41.
107
What is the value of (-22 - -27 - (-29 - -1)) + 1 + 14 + -23?
25
What is -18 + -1 + (-39 - -5) + 44 + 24 - -6?
21
(-26 - 0) + (-24 + 14 + -10 - -1) + 15
-30
111 + (52 - 20 - (43 - 4))
104
Evaluate -5 + 9 - -28 - (-150 - -169) - (-11 + -1).
25
What is (-70 - -4) + 5 - (514 - 527)?
-48
What is the value of 9 + (-77 - (-102 + 49))?
-15
What is (17 + 18 - 7) + -17 + (7 - (-101 - 6))?
125
Calculate (11 - 40 - -49) + -40.
-20
What is (-9 - 25 - 17) + 15?
-36
What is the value of (14 - -61) + -131 + 75?
19
Evaluate -17 - -101 - (8 + (12 - (-1 - -14))).
77
Calculate (315 - 118 - 219) + (1 - -90).
69
What is the value of (0 + 142 - (61 - (30 - -21))) + (1 - 13)?
120
-11 - (54 - (21 - -4 - (27 - 16)))
-51
Evaluate (21 - (7 + -14 - -43) - -24) + 110.
119
Calculate -7 + (0 + 16 - -2 - 43).
-32
What is -40 + (27 + -21 - (14 + -12 + (-10 - -16)))?
-42
(-128 - -168) + (-1 - 2)
37
What is the value of (12 - -5) + -4 + (-80 - -22) + 24 + 3?
-18
What is the value of 32 + (-40 - -43) + 3 + -10?
28
Evaluate 58 - (-31 + -11) - 50.
50
5 + 3 + (94 - 81 - (25 + -1) - 34)
-37
Calculate 0 + 19 + (-1679 - -1699) + (-2 - 3).
34
(-1 - 41) + (313 - 316)
-45
(3 - -4) + -1 + 54 + -28
32
-1948 + 1884 - (1 - 21)
-44
What is the value of 28 + -11 + 4 - 9 - -38?
50
What is the value of -4 - -6 - (-1720 - -1835)?
-113
What is 3 + (-23 + 23 - -19) - (-1 + 0 + 2)?
21
What is -41 - (-98 + (-76 - -40))?
93
What is -13 - ((2 - 17) + 14) - (-6 - -3 - 1)?
-8
-2 + 5 - (126 + -159 - (3 - 16))
23
Calculate 14 + (12 - (15 - -43)) + 0 + -14.
-46
What is -2 - 50 - (-28 - 26)?
2
Calculate -315 - -297 - (4 - 28 - 0).
6
What is the value of 8 + (-5 - 1 - (-27 - (-3 + -28)))?
-2
-9 + -94 + (9 - 3) - 4 - -15
-86
Evaluate -9 + -72 - -198 - 203.
-86
Calculate 33 - ((304 - 302) + (2 - (-1 + (2 - 2)))).
28
Evaluate 78 + (59 - 52) + -13.
72
Evaluate 41 + (78 - (-130 + 133)).
116
What is the value of 63 + (-17 - (98 + -91 - (-1 - 1 - -15)))?
52
Calculate 9 - (-15 - (-29 + 52 + -11)).
36
What is (8 - (37 + 25)) + 63?
9
What is (-3 + 0 - (12 + -19 - -7)) + 40 + -45?
-8
-128 + (73 - -68) - (114 - 1)
-100
What is 57 + -93 - -34 - (-1 + -1 + 5)?
-5
Calculate 7 + (16 - 30) + (-8 - -47 - -14).
46
Calculate -15 + 100 + -395 + 367.
57
What is the value of 39 - (15 - -1) - -8?
31
Evaluate 10 - ((-1 - -9) + 76 - (50 + -63)).
-87
Calculate -99 + (18 - 14) + 28.
-67
(-5 - 11) + 12 + -3 - (103 - 22)
-88
Calculate 1499 + -750 - 723 - (19 - (0 + 1)).
8
-10 - (-29 + (12 - 30 - -59))
-22
Calculate (0 - 18 - (278 + -358)) + (-7 - 1).
54
What is 35 + 6 - (-105 - -176)?
-30
(5 - -2) + 5 - (32 - 19 - 4)
3
(19 - 90) + (27 - 29)
-73
-20 + -5 + 4 + 0 - -7 - -59
45
What is the value of (429 - 409) + 2 + -19 - 53?
-50
What is 10 - ((9 - 6) + -9 + 53) - 6?
-43
Evaluate -5 + (35 - 18) + (0 + -5 - -7 - 50).
-36
Calculate 12 + (-21 - -11) - 10 - 27.
-35
Calculate (-34 - (27 + -157)) + -21 + 0.
75
172 - (-221 - -70 - -196)
127
Calculate 1 + (-2 + -3 - (0 + -1)) - -6.
3
(-2 - 0 - -1) + 25 + (-21 - (16 + -70))
57
Calculate 14 - (-13 + 10) - 4 - (2 - -11).
0
What is the value of 75 + (-38 - (0 + 33 - 48))?
52
Calculate 12 - -13 - 49 - (-8 - 23).
7
What is the value of 54 + (19 - 113) + 28?
-12
What is 0 + 1 + (-8 + -7 - -24) - (-81 + -1)?
92
What is the value of -38 + (63 + -156 - -191)?
60
Evaluate -15 + 22 + 5 + (-17 - (1 + -14)).
8
5 + -116 + 87 + 32
8
Evaluate 0 - (-49 + 18 + -65).
96
What is the value of 51 + -35 + (-51 - (11 - -2))?
-48
What is -46 + 11 + -19 + (1 - -18) + (4 - 1)?
-32
0 - (1 - 3 - (-32 + 30 - 39)) - 12
-51
(-73 + 63 + 16 + 0 - (9 + 6)) + -119
-128
What is -66 + 88 + 128 + -94?
56
Calculate 0 + (1 - 10) - (2 + -14 - 4).
7
What is the value of -1 - (16 + 2) - -32 - (2 - 3 - 90)?
104
(-5 - -1 - -19) + -35 + (130 - 82)
28
Evaluate (47 + 19 - 16) + -54.
-4
(5 - 5 - 7) + (-9 + 1 - (458 + -480))
7
What is the value of 48 - 1 - 7 - (-16 - -33 - 24 - 4)?
51
Evaluate -20 + -9 + (-6 - 8) + 63 + 36.
56
What is (1 + 33 - 11) + 17 - 28?
12
Calculate 26 - (-5 + -1) - 8.
24
What is the value of (13 - -12 - (50 - -81)) + -5?
-111
9 + 2 - (-508 - -565)
-46
Calculate -5 - 29 - (5 + -21 + 19).
-37
Calculate 41 - ((49 - -88) + -40).
-56
Evaluate 135 + -42 + -97 + (-8 - -3 - (-1 + -2)).
-6
-5 + -91 + 212 + -123
-7
What is the value of (5276 - 5237) + 1 + -28 + 3?
15
92 + (-35 - -4) + (-8 - -18)
71
Calculate 7 + 22 + -3 + 5 + -6.
25
(-4 + 1 - ((35 - 11) + -10 - 7)) + 68
58
What is -180 + 73 - -159 - 71?
-19
What is -31 - ((7 - 31) + -15)?
8
Calculate -37 - -28 - (11 - (164 - -10)) - 13.
141
-86 - (0 + -24 + 1 + -2)
-61
37 - (22 + -18) - (4 - 56)
85
Evaluate 93 + 10 + (-45 + 35 - 11).
82
46 + (25 - 23 - 35) - 38
-25
Calculate 1 + 1 + (-16112 - -16188).
78
Evaluate (-4 + 6 - -2) + -119 + 98.
-17
What is -8 - (-34 + -3 + 45)?
-16
-7 + 14 + -218 + 152 + (-1 - 1) + -6
-67
What is the value of (52 - 84) + 13 + (10 - 6)?
-15
Calculate (-18 - -34) + -23 - (-4 - (-1 + 52)).
48
What is the value of 10 + (262 - 251) + 1 + -19 + 0 + -19?
-16
What is the value of -3362 - -3431 - (0 + -2 - 16)?
87
Evaluate -195 + 280 + (5 - 38).
52
What is 0 + -47 + (-115 + 68 - -47)?
-47
What is the value of (0 - (-2 - (3 + 57))) + (569 - 572)?
59
Calculate 380 + -398 + -3 + 0.
-21
(81 - 123 - -22) + (-59 - 3)
-82
What is (-58 - -58 - -23) + 14?
37
What is the value of -40 + 5 + (8 - -19) + 22?
14
What is the value of (-1 - -62 - (9 + (-22 - -5))) + 5?
74
(-20 - (-18 + 11 - -8)) + 40
19
What is -144 + 124 + -45 - (2 + 4 + -1)?
-70
Evaluate (103 - (-32 - (29 + -97))) + 32.
99
What is the value of (36 - 39) + (25 - -1) - -28?
51
Calculate 4 + -6 + -18 + 505 + -498.
-13
(-29 - -33 - 8 - (29 - -1)) + -1 + 9
-26
What is (13 - 10) + (-38 + 43 - (8 + -4 + 112))?
-108
Calculate (85 - 86) + (5 + 9 - 8).
5
What is -9 + 42 + -8 + -20 + 14?
19
What is -12 - -56 - (42 - -1)?
1
Calculate -2949 + 2947 - (15 - (2 - 0)).
-15
What is 6 - (15 + (-12 - 17) + 3)?
17
What is -11 + 29 - (45 + 3)?
-30
Evaluate -7 - ((-14 - (-6 - 9)) + 6 - -12).
-26
Calculate -8 + (10 - 7) + 93 - 12.
76
What is the value of (113 - 113) + -7 + 0 - (10 - (11 + -22))?
-28
What is -40 + 0 - (-382 + 325)?
17
Calculate -6 + 21 - -50 - (46 - 50).
69
Evaluate 6 - (-52 - (-3 + 1 - (35 + (-28 - 13)))).
62
Evaluate -76 + 17 + 39 - (-1 - 61).
42
What is -20 - -6 - (-7 - (42 + 1 + -5))?
31
What is (2 + -1 - 13) + 242 + -231?
-1
What is (-73 - (-73 - -5)) + (-1 - -1 - -9)?
4
Calculate -2 + 2 - -46 - (-26 - ((-18 - 7) + -6)).
41
What is -18 + -118 - (106 + -230)?
-12
What is (8 - (8 + (-37 + 16 - (-1 + 4)))) + 11?
35
Calculate 101 - 38 - 61 - (10 - 43).
35
Evaluate -53 + (3 - 8 - 0) + -11 + 7.
-62
Evaluate 5 - -5 - (-47 + 71).
-14
Calculate (16 + -17 - (-13 + 20)) + (-8 - 4).
-20
Calculate 45 - (32 - (20 - (